{"id":910,"date":"2021-06-13T13:22:49","date_gmt":"2021-06-13T11:22:49","guid":{"rendered":"https:\/\/www.berlin-zimmer-hz.de\/?page_id=910"},"modified":"2022-09-30T16:06:12","modified_gmt":"2022-09-30T14:06:12","slug":"herzlich-willkommen","status":"publish","type":"page","link":"https:\/\/www.berlin-zimmer-hz.de\/","title":{"rendered":"Herzlich Willkommen!"},"content":{"rendered":"\n<p><strong>Kurzinfo:<\/strong> <\/p>\n\n\n\n<ul class=\"wp-block-list\"><li><strong>Registriernummer: 09\/Z\/AZ\/002883-21<\/strong><\/li><li>f\u00fcnf Betten (maximal sieben) in<\/li><li>zwei einzeln buchbaren 2-Bett-Zimmern &#8230; und einem 1-Bett-Zimmer<\/li><li>Bad und K\u00fcche immer mit allen geteilt &#8230;<\/li><li>Internet, Handt\u00fccher etc. inklusive &#8230;<\/li><li>normalerweise pro Nacht 35,- \u20ac pro Nacht (ab vier N\u00e4chten, weniger bitte anfragen) und Person (Doppelzimmer allein oder Aufstockung bitte anfragen)<\/li><li>Pkw\/Transporter-Parkpl\u00e4tze vor dem Haus kostenlos<\/li><\/ul>\n\n\n<div class=\"wp-block-image\">\n<figure class=\"aligncenter\"><img loading=\"lazy\" decoding=\"async\" width=\"1234\" height=\"1086\" src=\"https:\/\/www.berlin-zimmer-hz.de\/wp-content\/uploads\/2021\/06\/berlin-zimmer-hz-in-Berlin.png\" alt=\"\" class=\"wp-image-961\" srcset=\"https:\/\/www.berlin-zimmer-hz.de\/wp-content\/uploads\/2021\/06\/berlin-zimmer-hz-in-Berlin.png 1234w, https:\/\/www.berlin-zimmer-hz.de\/wp-content\/uploads\/2021\/06\/berlin-zimmer-hz-in-Berlin-300x264.png 300w, https:\/\/www.berlin-zimmer-hz.de\/wp-content\/uploads\/2021\/06\/berlin-zimmer-hz-in-Berlin-1024x901.png 1024w, https:\/\/www.berlin-zimmer-hz.de\/wp-content\/uploads\/2021\/06\/berlin-zimmer-hz-in-Berlin-768x676.png 768w, https:\/\/www.berlin-zimmer-hz.de\/wp-content\/uploads\/2021\/06\/berlin-zimmer-hz-in-Berlin-624x549.png 624w\" sizes=\"auto, (max-width: 1234px) 100vw, 1234px\" \/><\/figure>\n<\/div>\n\n\n<p><\/p>\n\n\n\n<p class=\"has-text-align-center\"><strong><a href=\"https:\/\/goo.gl\/maps\/ssZ5rHjrEaLLNJ2VA\" target=\"_blank\" rel=\"noreferrer noopener\">Routenplaner per Google-Maps:<\/a><\/strong><\/p>\n\n\n\n<p class=\"has-text-align-center\"><a rel=\"noreferrer noopener\" href=\"https:\/\/openstreetmap.de\/karte.html?zoom=10&amp;lat=52.50583&amp;lon=13.35523&amp;layers=B000TT#\" target=\"_blank\"><\/a><iframe src=\"https:\/\/www.google.com\/maps\/embed?pb=!1m18!1m12!1m3!1d2433.850713898433!2d13.526349151191777!3d52.409381779694165!2m3!1f0!2f0!3f0!3m2!1i1024!2i768!4f13.1!3m3!1m2!1s0x47a8464e02c97333%3A0x9425ab0efd534794!2sBerlin-Zimmer-HZ!5e0!3m2!1sde!2sde!4v1623573788053!5m2!1sde!2sde\" style=\"border:0;\" allowfullscreen=\"\" loading=\"lazy\" width=\"400\" height=\"300\"> <\/iframe><\/p>\n\n\n\n<p class=\"has-text-align-center\"><strong><a rel=\"noreferrer noopener\" href=\"https:\/\/goo.gl\/maps\/ssZ5rHjrEaLLNJ2VA\" target=\"_blank\">Zimmervermietung; getrennte Betten &#8211; K\u00fcche, Bad\/WCs gemeinsam<\/a><\/strong><\/p>\n\n\n\n<p class=\"has-text-align-center\"> <img loading=\"lazy\" decoding=\"async\" width=\"500\" height=\"375\" class=\"wp-image-969\" style=\"width: 500px;\" src=\"https:\/\/www.berlin-zimmer-hz.de\/wp-content\/uploads\/2021\/06\/Aussenansicht-berlin-zimmer-hz.de_-scaled.jpg\" alt=\"\" srcset=\"https:\/\/www.berlin-zimmer-hz.de\/wp-content\/uploads\/2021\/06\/Aussenansicht-berlin-zimmer-hz.de_-scaled.jpg 2560w, https:\/\/www.berlin-zimmer-hz.de\/wp-content\/uploads\/2021\/06\/Aussenansicht-berlin-zimmer-hz.de_-300x225.jpg 300w, https:\/\/www.berlin-zimmer-hz.de\/wp-content\/uploads\/2021\/06\/Aussenansicht-berlin-zimmer-hz.de_-1024x768.jpg 1024w, https:\/\/www.berlin-zimmer-hz.de\/wp-content\/uploads\/2021\/06\/Aussenansicht-berlin-zimmer-hz.de_-768x576.jpg 768w, https:\/\/www.berlin-zimmer-hz.de\/wp-content\/uploads\/2021\/06\/Aussenansicht-berlin-zimmer-hz.de_-1536x1152.jpg 1536w, https:\/\/www.berlin-zimmer-hz.de\/wp-content\/uploads\/2021\/06\/Aussenansicht-berlin-zimmer-hz.de_-2048x1536.jpg 2048w, https:\/\/www.berlin-zimmer-hz.de\/wp-content\/uploads\/2021\/06\/Aussenansicht-berlin-zimmer-hz.de_-624x468.jpg 624w\" sizes=\"auto, (max-width: 500px) 100vw, 500px\" \/><\/p>\n\n\n\n<p class=\"has-text-align-center\">Die Zimmer befinden sich alle im Obergeschoss, ausgestattet mit Schrank\/Regale, Tisch+Stuhl\/St\u00fchle, Internet \u00fcber WLAN, <a rel=\"noreferrer noopener\" href=\"https:\/\/www.berlin-zimmer-hz.de\/index.php\/chromecast-wie-funktioniert-das-bei-mir\/\" target=\"_blank\"><strong>TV \u00fcber Chromecast<\/strong><\/a><\/p>\n\n\n\n<p class=\"has-text-align-center\"><a href=\"https:\/\/www.berlin-zimmer-hz.de\/index.php\/zimmer-1-obergeschoss\/\"><strong>Zimmer 1<\/strong><\/a>: ein Bett<\/p>\n\n\n\n<p class=\"has-text-align-center\"><a href=\"https:\/\/www.berlin-zimmer-hz.de\/index.php\/zimmer-2-obergeschoss\/\" data-type=\"page\"><strong>Zimmer 2<\/strong><\/a>: zwei getrennte Betten (plus ggf. max. zwei G\u00e4stebetten)<\/p>\n\n\n\n<p class=\"has-text-align-center\"><a href=\"https:\/\/www.berlin-zimmer-hz.de\/index.php\/zimmer-3-obergeschoss\/\" data-type=\"page\" data-id=\"923\"><strong>Zimmer 3<\/strong><\/a>: zwei getrennte Betten<\/p>\n\n\n\n<p><a href=\"https:\/\/www.berlin-zimmer-hz.de\/index.php\/kueche-im-erdgeschoss\/\" data-type=\"page\" data-id=\"933\"><strong>K\u00fcche<\/strong> (Erdgescho\u00df) f\u00fcr alle<\/a>, inklusive gro\u00dfer und kleiner Backofen, Mikrowelle, Herd, Geschirrsp\u00fcler, 2 gro\u00dfe K\u00fchlschr\u00e4nke inkl. Tiefk\u00fchlfach, f\u00fcr jedes Zimmer zwei einzelne, abschlie\u00dfbare K\u00fcchenoberschr\u00e4nke f\u00fcr z.B. eigene Vorr\u00e4te; Besteck, Geschirr etc.  ausreichend vorhanden.<\/p>\n\n\n\n<p><a href=\"https:\/\/www.berlin-zimmer-hz.de\/index.php\/bad-im-obergeschoss\/\"><strong>Bad<\/strong> (Dusche, WC)<\/a> &#8211; auf der Etage der G\u00e4ste-Zimmer im Obergescho\u00df &#8211; inkl. F\u00e4cher f\u00fcr die pers\u00f6nlichen Hygieneartikel; kleine Handt\u00fccher, Hand-Seife etc. wird gestellt;<\/p>\n\n\n\n<p>Der Garten, mit mehreren verschiedenen Sitzbereichen, f\u00fcr Raucher geeignet &#8230; viel Ruhe, Entspannung nach der Arbeit, auch aktive Erholung ist m\u00f6glich (z.B. Radfahren, Grillen, Lagerfeuer, D\u00f6sen in einer von zwei H\u00e4ngematten, Tischtennis spielen) &#8230;<\/p>\n\n\n\n<hr class=\"wp-block-separator has-css-opacity is-style-wide\"\/>\n\n\n\n<ul class=\"wp-block-list\"><li>schnelles Wifi-Internet (1 GBit Vodafone) f\u00fcr alle kostenlos dabei &#8230;<\/li><li>&#8230; <a rel=\"noreferrer noopener\" href=\"https:\/\/www.berlin-zimmer-hz.de\/index.php\/chromecast-wie-funktioniert-das-bei-mir\/\" target=\"_blank\"><strong>TV \u00fcber Chromecast<\/strong><\/a> oder HDMI (Smartphone oder Laptop notwendig)<\/li><\/ul>\n\n\n\n<hr class=\"wp-block-separator has-css-opacity is-style-wide\"\/>\n\n\n\n<p>Einkaufsm\u00f6glichkeiten im nahen Umfeld: <\/p>\n\n\n\n<ul class=\"wp-block-list\"><li><a rel=\"noreferrer noopener\" href=\"https:\/\/goo.gl\/maps\/DjE5asAa2NyctPqTA\" target=\"_blank\">Aldi<\/a> (zu Fu\u00df 5 min; Auto 2 min)<\/li><li><a rel=\"noreferrer noopener\" href=\"https:\/\/goo.gl\/maps\/X8PHhkrgjCrWo5f98\" target=\"_blank\">Netto<\/a> (zu Fu\u00df 7 min; Auto 2 min)<\/li><li><a rel=\"noreferrer noopener\" href=\"https:\/\/goo.gl\/maps\/NzhEnLnVypsHvtYb7\" target=\"_blank\">Edeka<\/a> und Rossmann (zu Fu\u00df 10 min; Auto 5 min)<\/li><li><a rel=\"noreferrer noopener\" href=\"https:\/\/goo.gl\/maps\/NtpbpjeC9MkWQgsa8\" target=\"_blank\">Lidl<\/a> (zu Fu\u00df 15 min; Auto 3 min)<\/li><li><a rel=\"noreferrer noopener\" href=\"https:\/\/goo.gl\/maps\/EjYv2yHjgxmjze616\" target=\"_blank\">REWE<\/a> (zu Fu\u00df 17 min; Auto 5 min)<\/li><li><a rel=\"noreferrer noopener\" href=\"https:\/\/goo.gl\/maps\/usDa9GP3wkRjVWabA\" target=\"_blank\">Action<\/a> (zu Fu\u00df 23 min; Auto 6 min)<\/li><li><a rel=\"noreferrer noopener\" href=\"https:\/\/goo.gl\/maps\/o28TdbEEJde8FSm58\" target=\"_blank\">DM<\/a> (zu Fu\u00df 25 min; Auto 10 min)<\/li><li><a rel=\"noreferrer noopener\" href=\"https:\/\/goo.gl\/maps\/tdhE8uVw8autUQvs5\" target=\"_blank\">Kaufland<\/a> (zu Fu\u00df 45 min; Auto 10 min)<\/li><\/ul>\n\n\n\n<hr class=\"wp-block-separator has-css-opacity is-style-wide\"\/>\n\n\n\n<p>Strecke und ca. Fahrzeit (abh\u00e4ngig von der Tageszeit) mit dem Auto nach<\/p>\n\n\n\n<ul class=\"wp-block-list\"><li><a href=\"https:\/\/goo.gl\/maps\/JYksTPbSXhmcDB2g7\" target=\"_blank\" rel=\"noreferrer noopener\">Flughafen BER Terminal 1-2<\/a>: 7,8 km, 9 min<\/li><li><a href=\"https:\/\/goo.gl\/maps\/ZkenfYKymHAXGF7c7\" target=\"_blank\" rel=\"noreferrer noopener\">K\u00f6penick<\/a>: 7,2 km, 15 min<\/li><li><a href=\"https:\/\/goo.gl\/maps\/WyBmjgLkwdLef2jr6\" target=\"_blank\" rel=\"noreferrer noopener\">Tempelhof<\/a>: 16 km, 15 min<\/li><li><a href=\"https:\/\/goo.gl\/maps\/pbxoJbjf5N9jgohv5\" target=\"_blank\" rel=\"noreferrer noopener\">Kreuzberg<\/a>: 17,3 km, 23 min<\/li><li><a href=\"https:\/\/goo.gl\/maps\/uuEn8QXKGLtYoXgT7\" target=\"_blank\" rel=\"noreferrer noopener\">Alexanderplatz<\/a>: 18,8 km, 33 min<br><\/li><li><a href=\"https:\/\/goo.gl\/maps\/cBtBxCcZ3K78aP1e9\" target=\"_blank\" rel=\"noreferrer noopener\">Rangsdorf<\/a>: 21,7 km, 19 min<\/li><li><a href=\"https:\/\/goo.gl\/maps\/ffBphy2AfKTeNHuo8\" target=\"_blank\" rel=\"noreferrer noopener\">Ludwigsfelde<\/a>: 34,3 km, 27 min<br><\/li><li><a href=\"https:\/\/goo.gl\/maps\/7BM9mBVQmjoDGGPf7\" target=\"_blank\" rel=\"noreferrer noopener\">Strandbad M\u00fcggelsee<\/a>: 16,4 km, 28 min<\/li><\/ul>\n","protected":false},"excerpt":{"rendered":"<p>Kurzinfo: Registriernummer: 09\/Z\/AZ\/002883-21 f\u00fcnf Betten (maximal sieben) in zwei einzeln buchbaren 2-Bett-Zimmern &#8230; und einem 1-Bett-Zimmer Bad und K\u00fcche immer mit allen geteilt &#8230; Internet, Handt\u00fccher etc. inklusive &#8230; normalerweise pro Nacht 35,- \u20ac pro Nacht (ab vier N\u00e4chten, weniger bitte anfragen) und Person (Doppelzimmer allein oder Aufstockung bitte anfragen) Pkw\/Transporter-Parkpl\u00e4tze vor dem Haus kostenlos [&hellip;]<\/p>\n","protected":false},"author":1,"featured_media":0,"parent":0,"menu_order":0,"comment_status":"closed","ping_status":"closed","template":"","meta":{"footnotes":""},"class_list":["post-910","page","type-page","status-publish","hentry"],"_links":{"self":[{"href":"https:\/\/www.berlin-zimmer-hz.de\/index.php\/wp-json\/wp\/v2\/pages\/910","targetHints":{"allow":["GET"]}}],"collection":[{"href":"https:\/\/www.berlin-zimmer-hz.de\/index.php\/wp-json\/wp\/v2\/pages"}],"about":[{"href":"https:\/\/www.berlin-zimmer-hz.de\/index.php\/wp-json\/wp\/v2\/types\/page"}],"author":[{"embeddable":true,"href":"https:\/\/www.berlin-zimmer-hz.de\/index.php\/wp-json\/wp\/v2\/users\/1"}],"replies":[{"embeddable":true,"href":"https:\/\/www.berlin-zimmer-hz.de\/index.php\/wp-json\/wp\/v2\/comments?post=910"}],"version-history":[{"count":102,"href":"https:\/\/www.berlin-zimmer-hz.de\/index.php\/wp-json\/wp\/v2\/pages\/910\/revisions"}],"predecessor-version":[{"id":1131,"href":"https:\/\/www.berlin-zimmer-hz.de\/index.php\/wp-json\/wp\/v2\/pages\/910\/revisions\/1131"}],"wp:attachment":[{"href":"https:\/\/www.berlin-zimmer-hz.de\/index.php\/wp-json\/wp\/v2\/media?parent=910"}],"curies":[{"name":"wp","href":"https:\/\/api.w.org\/{rel}","templated":true}]}}